*k - 1506 = y. What is the units digit of k?
1
Let b = -42 + 36. What is the units digit of 3/(b/2) + 412/4?
2
What is the tens digit of (-5963)/(-3) + ((-140)/(-30))/(-7)?
8
Let z(q) = -q + 129. What is the units digit of z(-15)?
4
Suppose k + 167 = -4*h, -23 = k + 2*h + 140. Let g = -79 - k. Suppose -4*z + g = 4*i, 2*i - 40 = -2*z + 5*i. What is the units digit of z?
0
Let f(w) = -158*w - 33. What is the units digit of f(-3)?
1
Suppose -3*y - y = -5*k + 10, 5*y - 55 = -5*k. Suppose 80 = k*c - 124. What is the units digit of c?
4
Suppose h = 4*h + 15, 0 = 3*u + 4*h - 22. Let v(c) = -12 - 2*c + 3*c - 1. What is the units digit of v(u)?
1
Let s = 163 - 19. Suppose -520 - s = -4*x. What is the tens digit of x?
6
Suppose -2*q = -5*q + 333. Suppose 5*s = q + 119. What is the tens digit of s?
4
What is the thousands digit of (-1756)/6*(-17 - (-121)/11)?
1
Suppose -5*r + 3 = 58. What is the tens digit of (r/(-3))/((-1)/(-6))?
2
Let m = 8 + -116. Let j = m - -184. What is the tens digit of j?
7
Let a = -33 + 34. Suppose -3*h + 8 = -a. What is the units digit of h?
3
Let r = -101 + 41. What is the tens digit of 234/8 + 75/r?
2
Let k be 162/(-12)*(2 + -4). Suppose -i + 11 + k = b, 2*b - 51 = 3*i. What is the units digit of b?
3
Let c(y) be the second derivative of 0 + 1/12*y**4 + 3*y - 3/2*y**2 + 1/3*y**3. What is the units digit of c(2)?
5
Suppose 4*c + 290 = 110. Let l be c/10*4/3. What is the units digit of ((-14)/l)/(2/18)?
1
Suppose 2*x = -10, 6*j - 1097 = 2*j + x. Let d = j - 177. Suppose 5*p = m - 2, 3*p = m - 4*m + d. What is the tens digit of m?
2
Let z = 10 + -6. Suppose z*u - 8*u = -16. Suppose -2*q - 1 = u*d + d, 0 = -4*q + d + 9. What is the units digit of q?
2
Let d(m) = -34*m - 17. What is the units digit of d(-3)?
5
Let o(z) = 5*z**2 + 10*z - 14. What is the units digit of o(-10)?
6
Suppose 0*a + 67 = 3*z - 2*a, 4*a - 50 = -2*z. Let t = z + 62. What is the units digit of t?
5
Suppose q + 21 = -14. Let f be q/(-6) - 5/(-30). Suppose f - 15 = -w. What is the units digit of w?
9
Suppose -6*t = -3*t - 156. Let i be (6 + (3 - 3))/2. Suppose t = z + i*z. What is the units digit of z?
3
Suppose 5*y = j - 4*j + 1808, -3*y = -5*j - 1078. What is the tens digit of y?
6
Let s = -217 - -370. Let x = s - 83. What is the units digit of x?
0
Let t(d) = -2*d**2 + d + 1. Let u be t(4). What is the tens digit of 2/(2 + u/15)?
1
Suppose 0 = 3*j - 2*v - 2, -2*j - 5*v = -0 + 5. Let w = j - -9. Let t = w + 13. What is the units digit of t?
2
Let b(w) be the third derivative of w**5/20 + w**4/4 + 5*w**3/6 - 3*w**2. Suppose -4*h - 31 = 5*y, -h - 2*h - 4*y - 24 = 0. What is the tens digit of b(h)?
2
Suppose -2*q = -7*q - 45. What is the hundreds digit of 3/q + 442/3?
1
What is the tens digit of (30/60)/((-1)/(-148))?
7
Suppose 0 = 7*g + 84 + 42. What is the tens digit of -30*(-3)/g*-34?
7
Let s be (-2 + 5)/(0 + 1). Suppose 8 = m + q + s*q, -m + 5*q - 1 = 0. Suppose 119 - 4 = 4*u + c, -5*u + 128 = -m*c. What is the units digit of u?
8
Suppose -4*a + 16 = -0*a. Let g(s) = s**2 - 15*s - 149. Let m be g(-7). Suppose y + 2*y = m*k + 71, 103 = a*y - 5*k. What is the units digit of y?
2
Let v(s) = 2*s**3 + 2*s**2 - 4*s - 3. Let l be v(4). Let u = l + -54. What is the units digit of u?
7
Suppose -3*i - 2*r - 14 = -8*i, 0 = i + 3*r - 13. What is the tens digit of (5 - 53)*(-2)/i?
2
Suppose -7*u + 5*k = -3*u - 3883, -k = -3*u + 2915. What is the tens digit of u?
7
Suppose -7*x + 6 = -64. Let j = 24 - x. Suppose -l = -j - 59. What is the tens digit of l?
7
What is the hundreds digit of 172125/340 + (-1 - 3/(-4))?
5
Let p = 30 - 27. Suppose 0 = p*o - 2 - 22. What is the tens digit of (-335)/(-15) + o/12?
2
Suppose 8*j = 3*j - 60. Let x = 31 - j. What is the units digit of x?
3
What is the units digit of (-4 - (-496)/12)*(-6 - -12)?
4
Let z(y) = -5 - 5 + 2*y + 13*y + 0*y. Let h(u) = 2*u**2 + 3*u + 1. Let b be h(-2). What is the units digit of z(b)?
5
Let v(p) = 195*p**2 - 2*p + 3. Let o = -26 + 27. What is the tens digit of v(o)?
9
Let u(j) = -2*j**3 - 37*j**2 - 23*j + 23. What is the tens digit of u(-19)?
2
Let d(h) = -h**2 + 18*h + 29. What is the units digit of d(10)?
9
Let h(z) = -2*z**2 + 8*z. Let y be h(7). Let r be (-2)/6 - y/18. Suppose 4*k - 1 = r*l - 9, 3*l - 22 = k. What is the units digit of l?
8
What is the thousands digit of 18/(5 + -23)*3468/(-1)?
3
Let h(d) = 6*d**2 + 24*d - 104. What is the units digit of h(-30)?
6
Let i(x) = -74*x + 1326. What is the hundreds digit of i(0)?
3
Let q = -3 + 6. Suppose -4*p - 2*h + 106 = 0, p - 63 = -p - q*h. Suppose 0 = -4*g + 16 + p. What is the units digit of g?
0
Suppose -12 - 8 = -2*g + s, 5*s - 54 = -4*g. Let y = 46 - 42. Suppose -y*a = -g*a + 98. What is the tens digit of a?
1
Let i(v) = -v**3 + 17*v**2 - 5*v + 24. What is the units digit of i(16)?
0
Let b be 520/3 + 13/(-39). Let o = b - 104. Let j = -22 + o. What is the units digit of j?
7
Suppose 47 = 2*z + 4*r - 3, -2*z + 4*r + 42 = 0. Let k = 11 - z. What is the tens digit of (-3)/(-12) + (-405)/k?
3
Let w(d) be the third derivative of d**5/10 - d**4/2 + 7*d**3/3 - 10*d**2. What is the units digit of w(6)?
8
Suppose -2*w - 7302 = -5*n + w, 2*n - 2917 = 5*w. What is the hundreds digit of n?
4
Let u(p) = 238*p**3 + 4*p**2 + 3*p + 1. Let k be u(-1). Let x = -173 - k. What is the units digit of x?
3
Suppose -3*t = 5*r - 8*r + 7065, 0 = r - 4*t - 2349. What is the units digit of r?
7
Suppose 0 = 4*f - x + 4*x - 3316, -5*f - 3*x = -4145. What is the units digit of f?
9
Suppose -45 = r + 2*r. Let a = r + 21. What is the units digit of a?
6
Let t be 76/13 - (-10)/65. Let s = 7 + t. What is the units digit of (-26)/169 - (-574)/s?
4
Let o(g) = -g**3 + 23*g**2 - 16*g - 18. Let h be o(21). Let j = h + -351. What is the tens digit of j?
7
Let x = -4 + 6. Suppose 0 = z - 4*d + 3, -3*z + 5*z - 4*d = -x. Suppose z = -0*j + j. What is the units digit of j?
1
Let n = -1687 + 2927. What is the hundreds digit of n?
2
Let v(z) = 21*z - 26. Let f be v(5). Suppose -3*c - 2*c = -280. Let t = f - c. What is the tens digit of t?
2
Let i(r) = r**3 + 11*r**2 - 13*r - 14. Let y be i(-12). Let b be 3 + -2 - (y + -1). What is the tens digit of (-57)/(-2)*b/6?
1
Let i(l) = 4*l**3 - 3*l**2 - 3*l - 4. What is the hundreds digit of i(5)?
4
Let c be (-2)/6 + (6/(-9) - -3). Suppose b + 19 = c*b. What is the units digit of b?
9
Let x be (-1 + -3 - -3) + 9. Let v be x*-25*3/(-12). Suppose 0 = d - 3*d + v. What is the tens digit of d?
2
Suppose -6*v = -7*v. Suppose v = i - 4*i + 24. What is the units digit of i?
8
Suppose -2*h + 864 = -2*m, -2*h = -5*m + 2*m - 861. What is the hundreds digit of h?
4
Let r = 97 - -39. Suppose 0*g = 3*g + 2*l - 212, 2*g + 4*l - r = 0. What is the units digit of g?
2
Let p be (-8)/((-3)/72*3) - -3. Suppose 3*f - p - 44 = 0. What is the units digit of f?
7
Let f(a) = 408*a - 2. What is the hundreds digit of f(1)?
4
Suppose 0 = v + 2*k + 4, -2*v + 2*k = v - 12. Suppose 0 = -v*i + 3*i. Suppose i = 5*s + 2 - 22. What is the units digit of s?
4
Let s = -2096 - -2992. What is the hundreds digit of s?
8
Let y = 480 + -163. What is the tens digit of y?
1
Let s(c) = c**3 - 2*c**2 - 4*c. Let l be s(3). What is the units digit of 1 - 0 - (4 + -1 + l)?
1
Let k(z) = 8*z + 35. Let j be k(-6). Let i(m) = -7*m + 17. What is the hundreds digit of i(j)?
1
Suppose b - 95 = 2*t, 2*t - 313 = -3*b + t. Suppose -4*c = 10 - 150. Suppose i - s - c = 0, -4*i + s + b = -i. What is the units digit of i?
4
Let c = 75 + -23. Suppose 0 = -5*t + c - 12. What is the units digit of t?
8
Suppose 21 = 4*v - 83. Let d = 103 + -23. Suppose g + v = 2*y, -5*g = 7*y - 3*y - d. What is the tens digit of y?
1
Suppose -3*u + 1199 + 1767 = -b, 0 = -u + 3*b + 986. What is the tens digit of u?
8
Suppose 8*v = 1 + 815. Let x = 199 - v. What is the tens digit of x?
9
Let f(y) = 10*y - 59. Let c be f(7). Suppose -c - 42 = -p. What is the tens digit of p?
5
What is the thousands digit of 70610/15 + 2/3?
4
Let o(z) = -z + 13. Let b be o(11). What is the tens digit of (-78)/3*-1*b?
5
Let v(s) = -s**3 + 12*s**2 - 10*s - 8. Let p be v(8). Suppose 0 = -22*y + 23*y - p. What is the hundreds digit of y?
1
Let b = -31 + 32. Let m(g) = g + 3. Let a be m(b). Suppose a*n + 14 = 50. What is the units digit of n?
9
What is the te